78591
List the prime factors of 253015006.
2, 47, 487, 5527
What are the prime factors of 3260943349?
17, 53, 212897
List the prime factors of 49087119.
3, 16362373
List the prime factors of 6664578.
2, 3, 17, 223, 293
List the prime factors of 1382902735.
5, 41, 2393, 2819
List the prime factors of 128560217.
128560217
What are the prime factors of 338104437?
3, 11, 53, 79, 2447
What are the prime factors of 3340287807?
3, 1831, 608099
What are the prime factors of 34655548?
2, 2887, 3001
What are the prime factors of 162537632?
2, 971, 5231
List the prime factors of 142068455.
5, 28413691
List the prime factors of 619480475.
5, 79, 313661
What are the prime factors of 53239216?
2, 19, 175129
List the prime factors of 315096864.
2, 3, 71, 46229
List the prime factors of 3420358905.
3, 5, 2083, 109469
List the prime factors of 149623507.
11, 89, 152833
List the prime factors of 11588120.
2, 5, 211, 1373
What are the prime factors of 422213720?
2, 5, 10555343
List the prime factors of 366899141.
7, 37, 521, 2719
List the prime factors of 78837363.
3, 11, 796337
What are the prime factors of 1460152012?
2, 11, 509, 5927
List the prime factors of 81479273.
277, 294149
List the prime factors of 417861649.
17, 401, 61297
What are the prime factors of 2500857561?
3, 833619187
List the prime factors of 590423358.
2, 3, 7, 1291, 10889
List the prime factors of 35307777.
3, 137, 271, 317
What are the prime factors of 6384651527?
6384651527
List the prime factors of 71550979.
19, 109, 34549
List the prime factors of 114674773.
113, 1014821
What are the prime factors of 3764882315?
5, 752976463
What are the prime factors of 598173829?
11, 227, 239557
List the prime factors of 8029759.
149, 53891
List the prime factors of 1944203925.
3, 5, 227, 114197
List the prime factors of 55416664.
2, 6927083
List the prime factors of 98367139.
13, 7566703
What are the prime factors of 384406624?
2, 7, 293, 5857
What are the prime factors of 785197247?
3767, 208441
What are the prime factors of 13135104?
2, 3, 5701
What are the prime factors of 29705538?
2, 3, 4950923
What are the prime factors of 65974375?
5, 283, 373
What are the prime factors of 55916265?
3, 5, 3727751
List the prime factors of 3235473.
3, 307, 1171
List the prime factors of 4798220575.
5, 19, 43, 347, 677
List the prime factors of 418389739.
199, 2102461
List the prime factors of 52634471.
4999, 10529
List the prime factors of 26067954.
2, 3, 11, 394969
List the prime factors of 6586280797.
53, 79, 1009, 1559
List the prime factors of 293022295.
5, 151, 388109
List the prime factors of 59566016.
2, 930719
List the prime factors of 117504174.
2, 3, 19584029
List the prime factors of 78837511.
59, 1336229
What are the prime factors of 2889795687?
3, 963265229
What are the prime factors of 666615533?
631, 1056443
List the prime factors of 592781698.
2, 71, 1031, 4049
List the prime factors of 25300878.
2, 3, 4216813
What are the prime factors of 114090413?
41, 2782693
What are the prime factors of 610341736?
2, 1723, 44279
What are the prime factors of 1924360?
2, 5, 48109
List the prime factors of 115544051.
7, 71, 83, 2801
List the prime factors of 5928407515.
5, 1185681503
List the prime factors of 82695375.
3, 5, 7, 10501
What are the prime factors of 4795985?
5, 101, 9497
List the prime factors of 49715284.
2, 47, 264443
List the prime factors of 4983882083.
53, 94035511
List the prime factors of 133880018.
2, 103, 197, 3299
List the prime factors of 42101846.
2, 21050923
What are the prime factors of 4914135966?
2, 3, 61, 13426601
What are the prime factors of 425225899?
7, 193, 449, 701
What are the prime factors of 44302489?
7, 11, 79, 7283
List the prime factors of 60644461.
60644461
What are the prime factors of 1098018218?
2, 11, 49909919
List the prime factors of 509598286.
2, 53, 4807531
List the prime factors of 46704669.
3, 11, 128663
What are the prime factors of 143380998?
2, 3, 109, 73079
What are the prime factors of 746092612?
2, 186523153
List the prime factors of 961933546.
2, 7, 79, 263, 3307
List the prime factors of 7161696.
2, 3, 307
List the prime factors of 60503205.
3, 5, 7, 576221
List the prime factors of 389843281.
83, 397, 11831
What are the prime factors of 133333872?
2, 3, 7, 97, 4091
List the prime factors of 540278739.
3, 7, 11, 13, 59971
What are the prime factors of 6558597454?
2, 3279298727
What are the prime factors of 806160946?
2, 403080473
List the prime factors of 79703325.
3, 5, 13, 31, 293
What are the prime factors of 27445055?
5, 11, 17, 149, 197
List the prime factors of 95480473.
11, 8680043
List the prime factors of 118463507.
118463507
What are the prime factors of 113203003?
1187, 95369
List the prime factors of 247356803.
37, 887, 7537
What are the prime factors of 127540908?
2, 3, 11, 322073
List the prime factors of 9456503.
7, 277, 4877
What are the prime factors of 4931843?
7, 704549
List the prime factors of 35909334.
2, 3, 359, 5557
List the prime factors of 1428206207.
6199, 230393
What are the prime factors of 37354665?
3, 5, 19, 53, 2473
What are the prime factors of 1638334499?
1638334499
List the prime factors of 1737169669.
5647, 307627
List the prime factors of 1946795957.
733, 2655929
List the prime factors of 9101309.
7, 281, 661
What are the prime factors of 317944971?
3, 881, 40099
What are the prime factors of 7922410614?
2, 3, 59, 7459897
List the prime factors of 36149153.
19, 71, 127, 211
What are the prime factors of 270556462?
2, 11, 17, 723413
What are the prime factors of 6098646?
2, 3, 1016441
What are the prime factors of 435131043?
3, 23, 137, 191, 241
What are the prime factors of 27183066?
2, 3, 4530511
List the prime factors of 158698723.
17, 9335219
What are the prime factors of 47149484?
2, 11787371
List the prime factors of 342939315.
3, 5, 23, 994027
What are the prime factors of 4453657964?
2, 7, 41, 193, 20101
List the prime factors of 140405996.
2, 487, 72077
What are the prime factors of 3408997299?
3, 29, 39183877
What are the prime factors of 355553238?
2, 3, 311, 190543
List the prime factors of 58073589.
3, 7, 41, 22483
List the prime factors of 243319967.
11, 23, 961739
What are the prime factors of 42552796?
2, 11, 13, 6763
What are the prime factors of 399997962?
2, 3, 7, 13, 244199
What are the prime factors of 72801096?
2, 3, 181, 16759
List the prime factors of 1035650685.
3, 5, 307, 224897
What are the prime factors of 300395320?
2, 5, 19, 71, 293
What are the prime factors of 14166646?
2, 13, 47, 11593
What are the prime factors of 2038599?
3, 226511
List the prime factors of 222210737.
7, 191, 23743
List the prime factors of 63952733.
13, 4919441
List the prime factors of 585669043.
67, 8741329
What are the prime factors of 526284670?
2, 5, 37, 1039
List the prime factors of 1856206637.
61, 30429617
What are the prime factors of 91675779?
3, 13, 19, 123719
What are the prime factors of 143770481?
143770481
What are the prime factors of 446637617?
17, 19, 1382779
What are the prime factors of 23662601?
23662601
List the prime factors of 28728341.
28728341
What are the prime factors of 102557817?
3, 487, 23399
What are the prime factors of 55606202?
2, 59, 397, 1187
List the prime factors of 60572868.
2, 3, 5047739
List the prime factors of 57475197.
3, 13, 373, 439
List the prime factors of 362477287.
362477287
What are the prime factors of 24218977?
19, 23, 157, 353
List the prime factors of 1230658.
2, 11, 13, 331
What are the prime factors of 109774414?
2, 54887207
What are the prime factors of 869441836?
2, 37, 5874607
List the prime factors of 16476345.
3, 5, 31, 127
List the prime factors of 188955966.
2, 3, 37, 851153
What are the prime factors of 226066711?
13, 107, 331, 491
What are the prime factors of 61847022?
2, 3, 2203, 4679
List the prime factors of 225588449.
43, 101, 127, 409
List the prime factors of 70948530.
2, 3, 5, 788317
List the prime factors of 488123812.
2, 11, 709, 15647
What are the prime factors of 26077440?
2, 3, 5, 6791
What are the prime factors of 286122417?
3, 7, 47, 41413
What are the prime factors of 78768566?
2, 19, 701, 2957
What are the prime factors of 1456590070?
2, 5, 13, 11204539
List the prime factors of 3503804.
2, 151, 5801
What are the prime fa